 -3*y + w*y = 33. What is the greatest common divisor of y and a?
11
Suppose 3 = 3*p, 0 = -3*q + 6*p - 3*p + 387. Calculate the highest common factor of q and 270.
10
Suppose 560*a - 555*a = 2365. What is the greatest common factor of 220 and a?
11
Suppose 22*w + 6568 = 24*w + 10*d, 4*w = d + 13178. What is the greatest common factor of w and 36?
18
Suppose 1418 = 5*b - 0*b - 2*o, 565 = 2*b - 3*o. Let q = b + -124. What is the highest common factor of q and 60?
20
Let l(g) = 121*g - 363. Let f be l(5). Calculate the highest common divisor of f and 33.
11
Let j(x) = -343*x - 8072. Let k be j(-24). What is the highest common factor of k and 1940?
20
Suppose 0 = -3*p - 15, -3*h - 2*p + 241 + 1807 = 0. Calculate the greatest common factor of 196 and h.
98
Let g = 1796 - 1776. Calculate the greatest common factor of 2020 and g.
20
Let r(l) = -2*l**3 + 109*l**2 - 1480*l - 31. Let f be r(26). Let h(s) = s**2 - s + 1. Let i be h(5). Calculate the highest common divisor of i and f.
21
Suppose 3*s = 0, 0 = -3*l + 20*s - 15*s - 1683. Let j = l + 596. Calculate the highest common factor of 40 and j.
5
Let z(j) = 568*j + 12172. Let x be z(-20). Calculate the greatest common divisor of x and 1344.
28
Let g(d) be the second derivative of -2*d**3 + d**2 + 2*d + 61. Let c be g(-2). Calculate the highest common divisor of 208 and c.
26
Let p = 33 - 23. Suppose p*v - 6*v = 0. Suppose -64 = -v*d - 2*d. Calculate the highest common divisor of 4 and d.
4
Let f(l) = -2*l**2 + 29*l - 94. Let k be f(10). Let n = 2 - 3. Let m be k/4 + n + 46. Calculate the greatest common divisor of 22 and m.
22
Let y be ((-60)/14)/(81/(-7749)). Calculate the greatest common divisor of y and 560.
10
Suppose j - w + 101 = 0, -4*j - 4*w = -2*j + 172. Suppose k = 6*d - 5*d - 139, 2*k = -2*d - 266. Let z = j - k. What is the highest common factor of 16 and z?
8
Let b = 10602 + -10364. What is the greatest common divisor of b and 26418?
238
Let j be ((-2)/12)/(1/(-6)) + -343. Let l = j + 410. Calculate the highest common divisor of l and 85.
17
Suppose -23*m - 3*i + 1172 = -22*m, -2*i = 3*m - 3558. Calculate the highest common divisor of 35 and m.
35
Let x be -2*((-123)/(-12) + -4)*-10. Suppose 8*f - 357 = -x. Let y(q) = -15*q**3 - q**2 - q - 2. Let s be y(-2). Calculate the highest common factor of s and f.
29
Suppose -4*r + 3*r + 57 = -j, -5*j = -2*r + 96. Calculate the highest common divisor of r and 6930.
63
Suppose 8*c + 25*c = 2376. Suppose 7*l = -28 + 91. Calculate the greatest common divisor of l and c.
9
Suppose 3*o = -9*o - 864. Let f be ((-9)/(-27))/((-3)/o). What is the highest common factor of 152 and f?
8
Let x be 1/(-2) + (-921)/(-2). Let v = -485865 - -485888. Calculate the highest common factor of x and v.
23
Suppose 5*v - y = 26, 3*y + 9 = -2*v + 33. Let p(i) = 34*i + 5. Let a be p(v). What is the highest common divisor of 44 and a?
11
Suppose -4*y + 9*y - 1625 = 0. Suppose -2*i = -3*d - 53, -4*d + 21 = -43*i + 44*i. Calculate the greatest common factor of i and y.
25
Let n(w) = -3*w**3 + 38*w**2 + 163*w - 25. Let x be n(16). What is the highest common divisor of 89 and x?
1
Let r(v) = v**3 + 6*v**2 - 4*v - 30. Suppose -18*p - 35 = 19. Let g be r(p). Let j be -15*(2 + -3 + -2). What is the highest common factor of j and g?
9
Suppose 0*s = -3*b - 5*s + 245, -3*s = 15. Let k be b*((-7)/5 - -1). Let j = 43 + k. Calculate the highest common factor of 14 and j.
7
Let g be 29 - (3/((-81)/(-75)) + 30/135). Let d = -29 - -68. Calculate the highest common divisor of g and d.
13
Suppose -81*g + 867 = -9339. What is the highest common factor of g and 15246?
126
Suppose 0 = -30*t - 57*t + 66120. What is the highest common factor of 920 and t?
40
Let s be 2/16 - (-925857)/1272. What is the highest common divisor of 64 and s?
8
Let v = -8302 + 8458. Calculate the greatest common factor of 168 and v.
12
Suppose -14*h = -308 - 448. Suppose 6*l - h - 150 = 0. Calculate the highest common factor of 85 and l.
17
Suppose 33*r - 306594 = -69127 + 242815. Calculate the highest common factor of 152 and r.
38
Suppose -45*o + 20250 = 5*o. Calculate the highest common factor of o and 735.
15
Suppose -j - 4*o + 40 = o, -4*j + 236 = o. Let i be ((4/(-3))/((-152)/(-5244)) + 1)*-2. Calculate the greatest common factor of j and i.
30
Let v(u) = 106*u + 6. Let m be v(13). Suppose 1380*t + 24 = m*t. Calculate the highest common factor of t and 96.
6
Let k = -401653 - -401680. Let v(u) = 2*u**3 - 5*u**2 - 5*u - 6. Let g be v(6). Calculate the greatest common divisor of g and k.
27
Let w(p) = 65*p - 5. Let v be w(12). Suppose -3*r = -5*f + v, -2*r = -2*f - 3*r + 299. Let d = 409 + -390. What is the greatest common divisor of f and d?
19
Let a = -22 + 53. Suppose 2*o = 121 - a. Let x(i) = -3*i**3 + 3*i**2 - 3*i - 12. Let t be x(-2). Calculate the greatest common factor of t and o.
15
Let q = 357 - 335. Suppose 5*r = -x + 961, -3*x = 4*r + q - 793. Calculate the greatest common factor of r and 12.
12
Suppose 4*z - 93 = g - 278, 2*g = -3*z + 425. What is the highest common divisor of g and 18245?
205
Suppose 10*f - 212 = 248. Suppose -f*s + 5616 = -34*s. Calculate the highest common divisor of s and 39.
39
Let j(r) = r**3 + 31*r**2 - 34*r - 48. Let x be j(-32). What is the greatest common divisor of 344 and x?
8
Let p be (95/2)/19 - 1/(-2). Suppose -40*t + 264 = -56. Calculate the highest common divisor of p and t.
1
Suppose -4*a + 2*d = d + 47, -a + d = 11. Let q = 5 - 1. Let b be (q + 104/a)*-6. What is the greatest common factor of 308 and b?
28
Let c(y) = 116*y**3 - 2*y**2 + 3*y - 2. Let j be c(1). Let r be 9/3 + (51 - 7) - 1. Calculate the greatest common factor of j and r.
23
Let a = 9656 + -9464. What is the highest common factor of 92 and a?
4
Let z be (155/15 - 11)/(4 + 34995/(-8748)). Calculate the greatest common divisor of 8 and z.
8
Suppose 4*k - 59 = 3*n, -3*n = -5*k + 41 + 35. Let p(a) = 2*a**2 - 15*a - 15. Let x be p(k). What is the greatest common divisor of x and 28?
28
Suppose 3*d - 165 = 5*o, 48 = -10*o - 12. What is the highest common divisor of 1455 and d?
15
Suppose 10*v - 3*h = 5*v + 788, -2*v + 313 = h. Calculate the highest common factor of v and 7.
1
Let x be 32/12 + (-192)/(-36). What is the greatest common divisor of 178 and x?
2
Let g(m) = -3*m**3 - 16*m**2 - 43*m - 8. Let j be g(-4). Calculate the highest common divisor of 175 and j.
25
Let y(w) = -w**2 + 5*w - 3. Let r(v) = 5*v - 3. Let s(b) = 3*r(b) - 2*y(b). Let o be s(3). Let p = -696 - -702. Calculate the highest common divisor of p and o.
6
Let c be (1 - 2)/((-501)/(-504) + -1). Let d(o) = -10*o - 19. Let h be d(-11). Let q = h + -49. What is the greatest common factor of c and q?
42
Let l be 4*-1 - 1743/(-21). Suppose 5*g = l + 6. What is the greatest common factor of 238 and g?
17
Let m(d) = -d**2 + 88*d - 1708. Let j be m(58). What is the greatest common divisor of j and 1048?
8
Let d be ((-65)/(1 - 6) - 10) + 3*3951. Calculate the greatest common factor of 416 and d.
208
Suppose 3*r - 736 = -2*r - 4*h, 124 = r - 5*h. Suppose 9*y - 4*y = -q + 46, -70 = -4*q - y. Calculate the highest common divisor of r and q.
16
Let a(j) = 2*j**2 + 5*j - 21. Let p be a(5). Let s = p - 23. What is the highest common factor of s and 62?
31
Let l(x) = -10*x - 124. Let q be l(16). Let j be ((-1)/2)/(-1 + q/(-288)). Calculate the highest common factor of j and 144.
36
Let t be 18778/369 + (-30)/(-27). What is the greatest common factor of t and 3484?
52
Suppose 0 = -106*o + 48*o + 8468. What is the greatest common divisor of 1606 and o?
146
Suppose 6*v - 8*v = 4*h - 12, -2*v + 14 = 3*h. Suppose -v*g + 5*g + 650 = 0. Calculate the greatest common factor of 65 and g.
65
Suppose 4*r - 2462 = 2*z, 2*r - 216*z + 211*z = 1195. Let x be 6/(-15) + 204/10. Calculate the highest common divisor of x and r.
20
Let f = -11412 + 11862. What is the highest common factor of f and 666?
18
Suppose -5*u + 738 = 3*v, -u = -3*v + 4*v - 146. Let z(j) = -3*j**2 + j + 200. Let f be z(0). Calculate the greatest common factor of u and f.
50
Suppose -2*k - k - 137 = 4*l, k + 47 = -l. Let x = k - -53. Suppose q - 2*i + 7*i = 40, -x*q - 3*i + 45 = 0. Calculate the highest common divisor of 165 and q.
15
Suppose 2*r - 3*m = -47, 2*r + 54 = -5*m - 1. Let u = r + 80. 